{"id":259,"date":"2023-03-23T23:18:59","date_gmt":"2023-03-23T22:18:59","guid":{"rendered":"https:\/\/psychische-energie.de\/?page_id=259"},"modified":"2023-09-14T00:09:37","modified_gmt":"2023-09-13T22:09:37","slug":"psych-k-begleitung","status":"publish","type":"page","link":"https:\/\/psychische-energie.de\/?page_id=259","title":{"rendered":"PSYCH-K\u00ae Begleitung"},"content":{"rendered":"\n<p><strong>PSYCH-K \u2013 Ein neues Betriebssystem f\u00fcr Ihr leben<\/strong><\/p>\n\n\n\n<p>L\u00e4uft Ihr Leben so wie Sie es sich w\u00fcnschen, oder gibt es Bereiche, die Sie verbessern m\u00f6chten? PSYCH-K ist eine Methode mit der Sie in kurzer Zeit nachhaltige Ver\u00e4nderungen in Ihr Leben bringen k\u00f6nnen.<\/p>\n\n\n\n<p>PSYCH-K ist etwas f\u00fcr Sie, wenn Sie&#8230;<br>\u2026 Stress transformieren wollen.<br>\u2026 sich neu erfinden m\u00f6chten.<br>\u2026 nachhaltige Erfolge erreichen wollen.<br>\u2026 Ihr Potential entfalten m\u00f6chten.<br>\u2026 den inneren Schweinehund \u00fcberwinden wollen.<br>\u2026 mehr Frieden und Liebe in deine Beziehungen bringen m\u00f6chten.<br>\u2026 Selbstsabotage und Hemmungen aus dem Weg r\u00e4umen wollen.<br>\u2026 die Vergangenheit loslassen m\u00f6chten um unbeschwert in die Zukunft zu blicken.<br>\u2026 Ihre \u00c4ngste \u00fcberwinden wollen.<br>\u2026 ein neues Betriebssystem f\u00fcr Ihr Leben schreiben m\u00f6chten.<\/p>\n\n\n\n<p>PSYCH-K steht f\u00fcr PSYCHe und Kinesiologie (Muskeltest) und wurde Ende der 80er Jahre von Robert M. Williams entwickelt. Die Methode nutzt die Kraft bewusster Intentionen um unbewusste Programme zu ver\u00e4ndern. Diese Methode basiert auf langj\u00e4hrige Praxiserfahrung und enth\u00e4lt wissenschaftliche Erkenntnisse aus der Psychologie, Physiologie und Epigenetik.<\/p>\n","protected":false},"excerpt":{"rendered":"<p>PSYCH-K \u2013 Ein neues Betriebssystem f\u00fcr Ihr leben L\u00e4uft Ihr Leben so wie Sie es sich w\u00fcnschen, oder gibt es Bereiche, die Sie verbessern m\u00f6chten? PSYCH-K ist eine Methode mit der Sie in kurzer Zeit nachhaltige Ver\u00e4nderungen in Ihr Leben bringen k\u00f6nnen. PSYCH-K ist etwas f\u00fcr Sie, wenn Sie&#8230;\u2026 Stress transformieren wollen.\u2026 sich neu erfinden&hellip;&nbsp;<a href=\"https:\/\/psychische-energie.de\/?page_id=259\" class=\"\" rel=\"bookmark\">Weiterlesen &raquo;<span class=\"screen-reader-text\">PSYCH-K\u00ae Begleitung<\/span><\/a><\/p>\n","protected":false},"author":1,"featured_media":0,"parent":0,"menu_order":0,"comment_status":"closed","ping_status":"closed","template":"","meta":{"neve_meta_sidebar":"","neve_meta_container":"","neve_meta_enable_content_width":"","neve_meta_content_width":0,"neve_meta_title_alignment":"","neve_meta_author_avatar":"","neve_post_elements_order":"","neve_meta_disable_header":"","neve_meta_disable_footer":"","neve_meta_disable_title":"","neve_meta_reading_time":"","_themeisle_gutenberg_block_has_review":false,"_ti_tpc_template_sync":false,"_ti_tpc_template_id":"","footnotes":""},"class_list":["post-259","page","type-page","status-publish","hentry"],"_links":{"self":[{"href":"https:\/\/psychische-energie.de\/index.php?rest_route=\/wp\/v2\/pages\/259","targetHints":{"allow":["GET"]}}],"collection":[{"href":"https:\/\/psychische-energie.de\/index.php?rest_route=\/wp\/v2\/pages"}],"about":[{"href":"https:\/\/psychische-energie.de\/index.php?rest_route=\/wp\/v2\/types\/page"}],"author":[{"embeddable":true,"href":"https:\/\/psychische-energie.de\/index.php?rest_route=\/wp\/v2\/users\/1"}],"replies":[{"embeddable":true,"href":"https:\/\/psychische-energie.de\/index.php?rest_route=%2Fwp%2Fv2%2Fcomments&post=259"}],"version-history":[{"count":2,"href":"https:\/\/psychische-energie.de\/index.php?rest_route=\/wp\/v2\/pages\/259\/revisions"}],"predecessor-version":[{"id":329,"href":"https:\/\/psychische-energie.de\/index.php?rest_route=\/wp\/v2\/pages\/259\/revisions\/329"}],"wp:attachment":[{"href":"https:\/\/psychische-energie.de\/index.php?rest_route=%2Fwp%2Fv2%2Fmedia&parent=259"}],"curies":[{"name":"wp","href":"https:\/\/api.w.org\/{rel}","templated":true}]}}